{"id":6955,"date":"2021-01-30T21:26:57","date_gmt":"2021-01-30T21:26:57","guid":{"rendered":"https:\/\/franz-hauptvogel.de\/?page_id=6955"},"modified":"2022-04-05T12:09:50","modified_gmt":"2022-04-05T12:09:50","slug":"main-3","status":"publish","type":"page","link":"https:\/\/franz-hauptvogel.de\/index.php\/main-3\/","title":{"rendered":"TECHNIKER"},"content":{"rendered":"\n<div class=\"wp-block-getwid-section alignfull alignfull has-inner-blocks-gap-none getwid-section-content-custom-width\" style=\"margin-top:-50px\"><div class=\"wp-block-getwid-section__wrapper getwid-padding-top-none getwid-align-items-flex-start\" style=\"min-height:60vh\"><div class=\"wp-block-getwid-section__inner-wrapper\" style=\"max-width:800px\"><div class=\"wp-block-getwid-section__background-holder\"><div class=\"wp-block-getwid-section__background\"><\/div><div class=\"wp-block-getwid-section__foreground\"><\/div><\/div><div class=\"wp-block-getwid-section__content\"><div class=\"wp-block-getwid-section__inner-content\">\n<div class=\"wp-block-getwid-section getwid-margin-top-none getwid-section-content-custom-width\"><div class=\"wp-block-getwid-section__wrapper getwid-padding-top-none getwid-align-items-flex-start\" style=\"min-height:0px\"><div class=\"wp-block-getwid-section__inner-wrapper\" style=\"max-width:800px\"><div class=\"wp-block-getwid-section__background-holder\"><div class=\"wp-block-getwid-section__background\"><\/div><div class=\"wp-block-getwid-section__foreground\"><\/div><\/div><div class=\"wp-block-getwid-section__content\"><div class=\"wp-block-getwid-section__inner-content\">\n<div class=\"wp-block-pb-accordion-item c-accordion__item js-accordion-item no-js\" data-initially-open=\"false\" data-click-to-close=\"true\" data-auto-close=\"true\" data-scroll=\"false\" data-scroll-offset=\"0\"><h4 id=\"at-47756\" class=\"c-accordion__title js-accordion-controller\" role=\"button\">Veranstaltungstechnik<\/h4><div id=\"ac-47756\" class=\"c-accordion__content\">\n<div class=\"wp-block-getwid-section getwid-margin-top-none getwid-margin-bottom-none\"><div class=\"wp-block-getwid-section__wrapper getwid-padding-top-none getwid-padding-bottom-none getwid-padding-mobile-left-none getwid-padding-mobile-right-none getwid-margin-left-none getwid-margin-right-none\"><div class=\"wp-block-getwid-section__inner-wrapper\"><div class=\"wp-block-getwid-section__background-holder\"><div class=\"wp-block-getwid-section__background\"><\/div><div class=\"wp-block-getwid-section__foreground\"><\/div><\/div><div class=\"wp-block-getwid-section__content\"><div class=\"wp-block-getwid-section__inner-content\">\n<p style=\"font-size:16px\">Ab 2009 begann ich mit dem mischen kleinerer Live-Bands. W\u00e4hrend meines Praktikumssemester an der Oper Leipzig lernte ich viel vom damaligen Tonmeister. Dabei lag der Fokus auf besonders klare Tonabnahme. Als Zuh\u00f6rer*in sollte man die Verst\u00e4rkung nicht allzu offensichtlich wahrnehmen.<br>Seit 2019 bin ich selbstst\u00e4ndig als Tontechniker unterwegs und betreue verschiedene Bands, sowie Tanz- und Theaterveranstaltungen. Mit einer wachsenden PA-Anlage sind nun auch schon ganz gute Electro-Veranstaltungen m\u00f6glich.<\/p>\n\n\n\n<div class=\"wp-container-4 wp-block-columns\">\n<div class=\"wp-container-1 wp-block-column\">\n<figure class=\"wp-block-image size-full is-style-tw-rounded-corners\"><img loading=\"lazy\" width=\"886\" height=\"886\" src=\"https:\/\/franz-hauptvogel.de\/wp-content\/uploads\/2021\/01\/mischpultgross.png\" alt=\"\" class=\"wp-image-7428\" srcset=\"https:\/\/franz-hauptvogel.de\/wp-content\/uploads\/2021\/01\/mischpultgross.png 886w, https:\/\/franz-hauptvogel.de\/wp-content\/uploads\/2021\/01\/mischpultgross-300x300.png 300w, https:\/\/franz-hauptvogel.de\/wp-content\/uploads\/2021\/01\/mischpultgross-150x150.png 150w, https:\/\/franz-hauptvogel.de\/wp-content\/uploads\/2021\/01\/mischpultgross-768x768.png 768w\" sizes=\"(max-width: 886px) 100vw, 886px\" \/><\/figure>\n<\/div>\n\n\n\n<div class=\"wp-container-2 wp-block-column\">\n<figure class=\"wp-block-image size-large is-style-tw-rounded-corners\"><img loading=\"lazy\" width=\"1024\" height=\"982\" src=\"https:\/\/franz-hauptvogel.de\/wp-content\/uploads\/2021\/02\/IMG_0830-scaled-e1612185975168-1024x982.jpeg\" alt=\"\" class=\"wp-image-7463\" srcset=\"https:\/\/franz-hauptvogel.de\/wp-content\/uploads\/2021\/02\/IMG_0830-scaled-e1612185975168-1024x982.jpeg 1024w, https:\/\/franz-hauptvogel.de\/wp-content\/uploads\/2021\/02\/IMG_0830-scaled-e1612185975168-300x288.jpeg 300w, https:\/\/franz-hauptvogel.de\/wp-content\/uploads\/2021\/02\/IMG_0830-scaled-e1612185975168-768x736.jpeg 768w, https:\/\/franz-hauptvogel.de\/wp-content\/uploads\/2021\/02\/IMG_0830-scaled-e1612185975168-1536x1472.jpeg 1536w, https:\/\/franz-hauptvogel.de\/wp-content\/uploads\/2021\/02\/IMG_0830-scaled-e1612185975168-1200x1150.jpeg 1200w, https:\/\/franz-hauptvogel.de\/wp-content\/uploads\/2021\/02\/IMG_0830-scaled-e1612185975168-1980x1898.jpeg 1980w, https:\/\/franz-hauptvogel.de\/wp-content\/uploads\/2021\/02\/IMG_0830-scaled-e1612185975168.jpeg 2003w\" sizes=\"(max-width: 1024px) 100vw, 1024px\" \/><\/figure>\n<\/div>\n\n\n\n<div class=\"wp-container-3 wp-block-column\">\n<figure class=\"wp-block-image size-full is-style-tw-rounded-corners\"><img loading=\"lazy\" width=\"886\" height=\"886\" src=\"https:\/\/franz-hauptvogel.de\/wp-content\/uploads\/2021\/02\/22132419-E3D7-46A7-B319-FD2B54478142_1_105_c.jpeg\" alt=\"\" class=\"wp-image-7465\" srcset=\"https:\/\/franz-hauptvogel.de\/wp-content\/uploads\/2021\/02\/22132419-E3D7-46A7-B319-FD2B54478142_1_105_c.jpeg 886w, https:\/\/franz-hauptvogel.de\/wp-content\/uploads\/2021\/02\/22132419-E3D7-46A7-B319-FD2B54478142_1_105_c-300x300.jpeg 300w, https:\/\/franz-hauptvogel.de\/wp-content\/uploads\/2021\/02\/22132419-E3D7-46A7-B319-FD2B54478142_1_105_c-150x150.jpeg 150w, https:\/\/franz-hauptvogel.de\/wp-content\/uploads\/2021\/02\/22132419-E3D7-46A7-B319-FD2B54478142_1_105_c-768x768.jpeg 768w\" sizes=\"(max-width: 886px) 100vw, 886px\" \/><\/figure>\n<\/div>\n<\/div>\n\n\n\n<p><\/p>\n<\/div><\/div><\/div><\/div><\/div>\n<\/div><\/div>\n\n\n\n<div class=\"wp-block-pb-accordion-item c-accordion__item js-accordion-item no-js\" data-initially-open=\"false\" data-click-to-close=\"true\" data-auto-close=\"true\" data-scroll=\"false\" data-scroll-offset=\"0\"><h4 id=\"at-65493\" class=\"c-accordion__title js-accordion-controller\" role=\"button\">Streaming<\/h4><div id=\"ac-65493\" class=\"c-accordion__content\">\n<p style=\"font-size:16px\">Es gibt verschiedene Arten von Mixing. Bei Live-Veranstaltungen versuchen wir den gesamten Raum zu bespielen und zus\u00e4tzlich akustische Probleme zu l\u00f6sen. <br>Bei Streaming-Veranstaltungen wird der Sound oft an Netflix oder Spotify Produktionen gemessen. Falls separat nicht m\u00f6glich, schaffe ich eine Balance aus beiden Welten. Zus\u00e4tzlich biete ich Bildmischungen via Blackmagic, Vmix und AnalogWay an. <\/p>\n<\/div><\/div>\n\n\n\n<div class=\"wp-block-pb-accordion-item c-accordion__item js-accordion-item no-js\" data-initially-open=\"false\" data-click-to-close=\"true\" data-auto-close=\"true\" data-scroll=\"false\" data-scroll-offset=\"0\"><h4 id=\"at-3986\" class=\"c-accordion__title js-accordion-controller\" role=\"button\">Konferenz<\/h4><div id=\"ac-3986\" class=\"c-accordion__content\">\n<p class=\"has-small-font-size\">Die Welt wird gr\u00f6\u00dfer und vernetzt sich. Hybride Veranstaltungen bieten neue Erfahrungen. Redner*Innen und Zuschauer*Innen erhalten dabei Zugriff &#8211; egal ob vor Ort oder Virtuell. Ich arbeite mit verschiedenen Konferenzsystemen und Streaming-Diensten. <\/p>\n\n\n\n<div class=\"wp-container-8 wp-block-columns\">\n<div class=\"wp-container-5 wp-block-column\">\n<figure class=\"wp-block-image size-large is-style-tw-rounded-corners\"><img loading=\"lazy\" width=\"886\" height=\"886\" src=\"https:\/\/franz-hauptvogel.de\/wp-content\/uploads\/2021\/02\/59FFA181-7037-419C-BA54-6F89A7F68DB9_1_105_c-1.jpeg\" alt=\"\" class=\"wp-image-7486\" srcset=\"https:\/\/franz-hauptvogel.de\/wp-content\/uploads\/2021\/02\/59FFA181-7037-419C-BA54-6F89A7F68DB9_1_105_c-1.jpeg 886w, https:\/\/franz-hauptvogel.de\/wp-content\/uploads\/2021\/02\/59FFA181-7037-419C-BA54-6F89A7F68DB9_1_105_c-1-300x300.jpeg 300w, https:\/\/franz-hauptvogel.de\/wp-content\/uploads\/2021\/02\/59FFA181-7037-419C-BA54-6F89A7F68DB9_1_105_c-1-150x150.jpeg 150w, https:\/\/franz-hauptvogel.de\/wp-content\/uploads\/2021\/02\/59FFA181-7037-419C-BA54-6F89A7F68DB9_1_105_c-1-768x768.jpeg 768w\" sizes=\"(max-width: 886px) 100vw, 886px\" \/><\/figure>\n<\/div>\n\n\n\n<div class=\"wp-container-6 wp-block-column\">\n<figure class=\"wp-block-image size-large is-style-tw-rounded-corners\"><img loading=\"lazy\" width=\"886\" height=\"886\" src=\"https:\/\/franz-hauptvogel.de\/wp-content\/uploads\/2021\/02\/E5B5A4A7-34DB-497C-B3E8-F354EB4E51B0_1_105_c.jpeg\" alt=\"\" class=\"wp-image-7487\" srcset=\"https:\/\/franz-hauptvogel.de\/wp-content\/uploads\/2021\/02\/E5B5A4A7-34DB-497C-B3E8-F354EB4E51B0_1_105_c.jpeg 886w, https:\/\/franz-hauptvogel.de\/wp-content\/uploads\/2021\/02\/E5B5A4A7-34DB-497C-B3E8-F354EB4E51B0_1_105_c-300x300.jpeg 300w, https:\/\/franz-hauptvogel.de\/wp-content\/uploads\/2021\/02\/E5B5A4A7-34DB-497C-B3E8-F354EB4E51B0_1_105_c-150x150.jpeg 150w, https:\/\/franz-hauptvogel.de\/wp-content\/uploads\/2021\/02\/E5B5A4A7-34DB-497C-B3E8-F354EB4E51B0_1_105_c-768x768.jpeg 768w\" sizes=\"(max-width: 886px) 100vw, 886px\" \/><\/figure>\n<\/div>\n\n\n\n<div class=\"wp-container-7 wp-block-column\">\n<figure class=\"wp-block-image size-large is-style-tw-rounded-corners\"><img loading=\"lazy\" width=\"886\" height=\"886\" src=\"https:\/\/franz-hauptvogel.de\/wp-content\/uploads\/2021\/02\/098D2275-31A3-425C-A360-CB610F662B90_1_105_c.jpeg\" alt=\"\" class=\"wp-image-7488\" srcset=\"https:\/\/franz-hauptvogel.de\/wp-content\/uploads\/2021\/02\/098D2275-31A3-425C-A360-CB610F662B90_1_105_c.jpeg 886w, https:\/\/franz-hauptvogel.de\/wp-content\/uploads\/2021\/02\/098D2275-31A3-425C-A360-CB610F662B90_1_105_c-300x300.jpeg 300w, https:\/\/franz-hauptvogel.de\/wp-content\/uploads\/2021\/02\/098D2275-31A3-425C-A360-CB610F662B90_1_105_c-150x150.jpeg 150w, https:\/\/franz-hauptvogel.de\/wp-content\/uploads\/2021\/02\/098D2275-31A3-425C-A360-CB610F662B90_1_105_c-768x768.jpeg 768w\" sizes=\"(max-width: 886px) 100vw, 886px\" \/><\/figure>\n<\/div>\n<\/div>\n<\/div><\/div>\n\n\n\n<div class=\"wp-block-pb-accordion-item c-accordion__item js-accordion-item no-js\" data-initially-open=\"false\" data-click-to-close=\"true\" data-auto-close=\"true\" data-scroll=\"false\" data-scroll-offset=\"0\"><h4 id=\"at-13807\" class=\"c-accordion__title js-accordion-controller\" role=\"button\">Sounddesign<\/h4><div id=\"ac-13807\" class=\"c-accordion__content\">\n<p class=\"has-small-font-size\">2012 \u00fcbernahm ich die technische Leitung verschiedener Theaterproduktionen. <br>Es kamen Anfragen zu Sounds: Ger\u00e4uschen, Atmosph\u00e4re, Musik, etc. <br>Seitdem vereine ich meine Leidenschaft als Techniker und Musiker und freue mich \u00fcber viele neue kreative Anfragen. <\/p>\n<\/div><\/div>\n\n\n\n<div class=\"wp-block-pb-accordion-item c-accordion__item js-accordion-item no-js\" data-initially-open=\"false\" data-click-to-close=\"true\" data-auto-close=\"true\" data-scroll=\"false\" data-scroll-offset=\"0\"><h4 id=\"at-53898\" class=\"c-accordion__title js-accordion-controller\" role=\"button\">Rekording<\/h4><div id=\"ac-53898\" class=\"c-accordion__content\">\n<p class=\"has-small-font-size\">Abseits zum Live-Sound nehme ich auch gerne mal Bands auf. Dabei greife ich auf meine wachsende Mikrofonsammlung zu und habe auch kein Problem in verrauchten Prober\u00e4umen aufzunehmen. <\/p>\n\n\n\n<div class=\"wp-block-image is-style-tw-rounded-corners\"><figure class=\"aligncenter size-large is-resized\"><img loading=\"lazy\" src=\"https:\/\/franz-hauptvogel.de\/wp-content\/uploads\/2021\/02\/Bildschirmfoto-2021-02-02-um-22.25.13-1024x708.png\" alt=\"\" class=\"wp-image-7683\" width=\"512\" height=\"354\" srcset=\"https:\/\/franz-hauptvogel.de\/wp-content\/uploads\/2021\/02\/Bildschirmfoto-2021-02-02-um-22.25.13-1024x708.png 1024w, https:\/\/franz-hauptvogel.de\/wp-content\/uploads\/2021\/02\/Bildschirmfoto-2021-02-02-um-22.25.13-300x207.png 300w, https:\/\/franz-hauptvogel.de\/wp-content\/uploads\/2021\/02\/Bildschirmfoto-2021-02-02-um-22.25.13-768x531.png 768w, https:\/\/franz-hauptvogel.de\/wp-content\/uploads\/2021\/02\/Bildschirmfoto-2021-02-02-um-22.25.13.png 1193w\" sizes=\"(max-width: 512px) 100vw, 512px\" \/><\/figure><\/div>\n<\/div><\/div>\n<\/div><\/div><\/div><\/div><\/div>\n<\/div><\/div><\/div><\/div><\/div>\n\n\n\n<p><\/p>\n","protected":false},"excerpt":{"rendered":"","protected":false},"author":1,"featured_media":0,"parent":0,"menu_order":1,"comment_status":"closed","ping_status":"closed","template":"tw-no-title.php","meta":{"_mi_skip_tracking":false},"yoast_head":"<!-- This site is optimized with the Yoast SEO plugin v15.7 - https:\/\/yoast.com\/wordpress\/plugins\/seo\/ -->\n<title>Veranstaltungs- und Medientechniker - Franz Elias Xaver Hauptvogel<\/title>\n<meta name=\"description\" content=\"Freiberuflicher Medientechniker (BEng.) seit 2018 im Bereich Veranstaltungstechnik mit Fokus auf Ton- und Videoproduktionen.\" \/>\n<meta name=\"robots\" content=\"index, follow, max-snippet:-1, max-image-preview:large, max-video-preview:-1\" \/>\n<link rel=\"canonical\" href=\"https:\/\/franz-hauptvogel.de\/index.php\/main-3\/\" \/>\n<meta property=\"og:locale\" content=\"de_DE\" \/>\n<meta property=\"og:type\" content=\"article\" \/>\n<meta property=\"og:title\" content=\"Veranstaltungs- und Medientechniker - Franz Elias Xaver Hauptvogel\" \/>\n<meta property=\"og:description\" content=\"Freiberuflicher Medientechniker (BEng.) seit 2018 im Bereich Veranstaltungstechnik mit Fokus auf Ton- und Videoproduktionen.\" \/>\n<meta property=\"og:url\" content=\"https:\/\/franz-hauptvogel.de\/index.php\/main-3\/\" \/>\n<meta property=\"og:site_name\" content=\"Franz Elias Xaver Hauptvogel\" \/>\n<meta property=\"article:modified_time\" content=\"2022-04-05T12:09:50+00:00\" \/>\n<meta property=\"og:image\" content=\"https:\/\/franz-hauptvogel.de\/wp-content\/uploads\/2021\/01\/mischpultgross.png\" \/>\n<meta name=\"twitter:card\" content=\"summary_large_image\" \/>\n<meta name=\"twitter:label1\" content=\"Gesch\u00e4tzte Lesezeit\">\n\t<meta name=\"twitter:data1\" content=\"3\u00a0Minuten\">\n<script type=\"application\/ld+json\" class=\"yoast-schema-graph\">{\"@context\":\"https:\/\/schema.org\",\"@graph\":[{\"@type\":[\"Person\",\"Organization\"],\"@id\":\"https:\/\/franz-hauptvogel.de\/#\/schema\/person\/1e096ec780ed545f0b0358527739ffc3\",\"name\":\"Franz Hauptvogel\",\"image\":{\"@type\":\"ImageObject\",\"@id\":\"https:\/\/franz-hauptvogel.de\/#personlogo\",\"inLanguage\":\"de\",\"url\":\"https:\/\/franz-hauptvogel.de\/wp-content\/uploads\/2021\/01\/cropped-logo.png\",\"width\":620,\"height\":542,\"caption\":\"Franz Hauptvogel\"},\"logo\":{\"@id\":\"https:\/\/franz-hauptvogel.de\/#personlogo\"},\"sameAs\":[\"https:\/\/de.linkedin.com\/in\/fhauptvogel\",\"https:\/\/soundcloud.com\/alias_elias\"]},{\"@type\":\"WebSite\",\"@id\":\"https:\/\/franz-hauptvogel.de\/#website\",\"url\":\"https:\/\/franz-hauptvogel.de\/\",\"name\":\"Franz Elias Xaver Hauptvogel\",\"description\":\"\",\"publisher\":{\"@id\":\"https:\/\/franz-hauptvogel.de\/#\/schema\/person\/1e096ec780ed545f0b0358527739ffc3\"},\"potentialAction\":[{\"@type\":\"SearchAction\",\"target\":\"https:\/\/franz-hauptvogel.de\/?s={search_term_string}\",\"query-input\":\"required name=search_term_string\"}],\"inLanguage\":\"de\"},{\"@type\":\"ImageObject\",\"@id\":\"https:\/\/franz-hauptvogel.de\/index.php\/main-3\/#primaryimage\",\"inLanguage\":\"de\",\"url\":\"https:\/\/franz-hauptvogel.de\/wp-content\/uploads\/2021\/01\/mischpultgross.png\",\"width\":886,\"height\":886},{\"@type\":\"WebPage\",\"@id\":\"https:\/\/franz-hauptvogel.de\/index.php\/main-3\/#webpage\",\"url\":\"https:\/\/franz-hauptvogel.de\/index.php\/main-3\/\",\"name\":\"Veranstaltungs- und Medientechniker - Franz Elias Xaver Hauptvogel\",\"isPartOf\":{\"@id\":\"https:\/\/franz-hauptvogel.de\/#website\"},\"primaryImageOfPage\":{\"@id\":\"https:\/\/franz-hauptvogel.de\/index.php\/main-3\/#primaryimage\"},\"datePublished\":\"2021-01-30T21:26:57+00:00\",\"dateModified\":\"2022-04-05T12:09:50+00:00\",\"description\":\"Freiberuflicher Medientechniker (BEng.) seit 2018 im Bereich Veranstaltungstechnik mit Fokus auf Ton- und Videoproduktionen.\",\"inLanguage\":\"de\",\"potentialAction\":[{\"@type\":\"ReadAction\",\"target\":[\"https:\/\/franz-hauptvogel.de\/index.php\/main-3\/\"]}]}]}<\/script>\n<!-- \/ Yoast SEO plugin. -->","_links":{"self":[{"href":"https:\/\/franz-hauptvogel.de\/index.php\/wp-json\/wp\/v2\/pages\/6955"}],"collection":[{"href":"https:\/\/franz-hauptvogel.de\/index.php\/wp-json\/wp\/v2\/pages"}],"about":[{"href":"https:\/\/franz-hauptvogel.de\/index.php\/wp-json\/wp\/v2\/types\/page"}],"author":[{"embeddable":true,"href":"https:\/\/franz-hauptvogel.de\/index.php\/wp-json\/wp\/v2\/users\/1"}],"replies":[{"embeddable":true,"href":"https:\/\/franz-hauptvogel.de\/index.php\/wp-json\/wp\/v2\/comments?post=6955"}],"version-history":[{"count":78,"href":"https:\/\/franz-hauptvogel.de\/index.php\/wp-json\/wp\/v2\/pages\/6955\/revisions"}],"predecessor-version":[{"id":7792,"href":"https:\/\/franz-hauptvogel.de\/index.php\/wp-json\/wp\/v2\/pages\/6955\/revisions\/7792"}],"wp:attachment":[{"href":"https:\/\/franz-hauptvogel.de\/index.php\/wp-json\/wp\/v2\/media?parent=6955"}],"curies":[{"name":"wp","href":"https:\/\/api.w.org\/{rel}","templated":true}]}}